{"id":9305,"date":"2019-05-20T23:51:31","date_gmt":"2019-05-20T21:51:31","guid":{"rendered":"http:\/\/nowyduninow.info.pl\/?page_id=9305"},"modified":"2019-05-20T23:51:31","modified_gmt":"2019-05-20T21:51:31","slug":"vii-rodzinny-rajd-rowerowy-i","status":"publish","type":"page","link":"https:\/\/nowyduninow.info.pl\/archiwum\/?page_id=9305","title":{"rendered":"VII Rodzinny Rajd Rowerowy i &#8230;"},"content":{"rendered":"<p style=\"text-align: justify;\">W minion\u0105 sobot\u0119 odby\u0142y si\u0119 u nas dwa do\u015b\u0107 istotne wydarzenia. Jedno w Soczewce z udzia\u0142em i dla senior\u00f3w, czyli Mazowiecki <strong>Festyn \u201eZdrowy i Aktywny Senior\u201d, d<\/strong>rugie dla rodzin, kt\u00f3re nie lubi\u0105 odpoczywa\u0107 na le\u017caczkach, czyli <strong>Rodzinny Rajd Rowerowy<\/strong>. Obie imprezy nale\u017c\u0105 do cyklicznych. Rajd odby\u0142 si\u0119 po raz si\u00f3dmy, Festyn po raz drugi.<\/p>\n<p style=\"text-align: justify;\">Pogoda dopisa\u0142a, a to przecie\u017c obok dobrego nastroju uczestnik\u00f3w, sprawa najwa\u017cniejsza w plenerze. Organizator Festynu, <strong>TKKF<\/strong> \u201e<strong>Chomicz\u00f3wka<\/strong>\u201d przygotowa\u0142 imprez\u0119 profesjonalnie. Do tego pogoda ducha, kt\u00f3ra nie opuszcza\u0142a uczestnik\u00f3w i odpowiednia aura, i w Soczewce mieli\u015bmy wy\u015bmienite spotkanie os\u00f3b 55+.<\/p>\n<p style=\"text-align: justify;\">Drugi ju\u017c Mazowiecki Festyn Senior\u00f3w pokazuje, \u017ce osi\u0105gni\u0119cie s\u0142usznego wieku nie oznacza wcale g\u00f3ry ogranicze\u0144. Uczestnicy sobotniego Festynu poruszali si\u0119 nad wyraz sprawnie, co pokaza\u0142y np.: bieg na dystansie 40 m, pchni\u0119cie kul\u0105, skok w dal z miejsca, strzelanie z \u0142uku, strzelanie z broni pneumatycznej, ergometry wio\u015blarskie, dart. Na soczewskiej scenie kto m\u00f3g\u0142by tego dnia kr\u00f3lowa\u0107? Seniorzy oczywi\u015bcie. W tym miejscu wszystkich wyst\u0119puj\u0105cych w sobot\u0119 artyst\u00f3w gor\u0105co pozdrawiamy.<\/p>\n<p style=\"text-align: justify;\">Je\u015bli idzie o Rodzinny Rajd Rowerowy, jak zawsze by\u0142o wybornie. Na list\u0119 startow\u0105 wpisa\u0142o si\u0119 103 uczestnik\u00f3w. W znakomitej wi\u0119kszo\u015bci byli to mieszka\u0144cy naszej gminy, ale r\u00f3wnie\u017c go\u015bcie, m.in. z <a href=\"https:\/\/www.facebook.com\/gkrgabinteam\/\">G\u0105bi\u0144ski Klub Rowerowy G\u0105bin Team<\/a> oraz <a href=\"https:\/\/www.facebook.com\/groups\/909310102528467\/\">Klub Turystyki Kolarskiej &#8222;BeneqTeam&#8221;<\/a>.<\/p>\n<p style=\"text-align: justify;\">Trasa wiod\u0142a z Nowego Duninowa nad jezioro Lucie\u0144skie. Droga powrotna by\u0142a r\u00f3wnie atrakcyjna jak pierwszy odcinek i mimo, \u017ce okaza\u0142a si\u0119 znacznie d\u0142u\u017csza ni\u017c organizatorzy zapowiadali, warto by\u0142o. Dla tych, kt\u00f3rzy nie dali rady pokona\u0107 ca\u0142ej trasy przygotowany by\u0142 transport. Z tej opcji skorzysta\u0142y przede wszystkim maluchy, kt\u00f3rym mimo tego, nale\u017c\u0105 si\u0119 gratulacje i uznanie. Wi\u0119kszo\u015b\u0107 zaplanowanej trasy przejechali samodzielnie.<\/p>\n<p style=\"text-align: justify;\">W imieniu organizator\u00f3w, tj. W\u00f3jta gminy, Przewodnicz\u0105cego Rady Gminy oraz Pani Kierownik GOK-u serdecznie dzi\u0119kujemy wszystkim uczestnikom, ale tak\u017ce wszystkim tym, dzi\u0119ki kt\u00f3rym VII Rodzinny Rajd Rowerowy przebieg\u0142 sprawnie, a na koniec wszyscy mogli zje\u015b\u0107 w ogr\u00f3dku turystycznym.<\/p>\n<p style=\"text-align: justify;\">Niezawodnym zn\u00f3w okaza\u0142o si\u0119 Lokalne Ko\u0142o Emeryt\u00f3w i Rencist\u00f3w, ale tak\u017ce panowie: Zdzis\u0142aw, Artur i Dawid. Przez d\u0142ugi czas uczestnikom Rajdu towarzyszy\u0142a te\u017c ekipa <a href=\"https:\/\/www.facebook.com\/profile.php?id=467691920094802&amp;ref=br_rs\">infoP\u0142ock TV<\/a>. Czekamy na ich relacj\u0119 z Rajdu.<\/p>\n<p style=\"text-align: justify;\">W\u00f3jt przekaza\u0142 wszystkim odblaski, kt\u00f3re sponsorowali: P\u0142ocki WORD i Marsza\u0142ek Wojew\u00f3dztwa Mazowieckiego. Przydadz\u0105 si\u0119 na pewno. Mamy nadziej\u0119, \u017ce podczas jesiennego Rajdu. Do zobaczenia.<\/p>\n","protected":false},"excerpt":{"rendered":"<p>W minion\u0105 sobot\u0119 odby\u0142y si\u0119 u nas dwa do\u015b\u0107 istotne wydarzenia. Jedno w Soczewce z udzia\u0142em i dla senior\u00f3w, czyli Mazowiecki Festyn \u201eZdrowy i Aktywny Senior\u201d, drugie dla rodzin, kt\u00f3re nie lubi\u0105 odpoczywa\u0107 na le\u017caczkach, czyli Rodzinny Rajd Rowerowy. Obie imprezy nale\u017c\u0105 do cyklicznych. Rajd odby\u0142 si\u0119  [&#8230;]<\/p>\n","protected":false},"author":1,"featured_media":0,"parent":0,"menu_order":0,"comment_status":"closed","ping_status":"closed","template":"","meta":[],"_links":{"self":[{"href":"https:\/\/nowyduninow.info.pl\/archiwum\/index.php?rest_route=\/wp\/v2\/pages\/9305"}],"collection":[{"href":"https:\/\/nowyduninow.info.pl\/archiwum\/index.php?rest_route=\/wp\/v2\/pages"}],"about":[{"href":"https:\/\/nowyduninow.info.pl\/archiwum\/index.php?rest_route=\/wp\/v2\/types\/page"}],"author":[{"embeddable":true,"href":"https:\/\/nowyduninow.info.pl\/archiwum\/index.php?rest_route=\/wp\/v2\/users\/1"}],"replies":[{"embeddable":true,"href":"https:\/\/nowyduninow.info.pl\/archiwum\/index.php?rest_route=%2Fwp%2Fv2%2Fcomments&post=9305"}],"version-history":[{"count":1,"href":"https:\/\/nowyduninow.info.pl\/archiwum\/index.php?rest_route=\/wp\/v2\/pages\/9305\/revisions"}],"predecessor-version":[{"id":9306,"href":"https:\/\/nowyduninow.info.pl\/archiwum\/index.php?rest_route=\/wp\/v2\/pages\/9305\/revisions\/9306"}],"wp:attachment":[{"href":"https:\/\/nowyduninow.info.pl\/archiwum\/index.php?rest_route=%2Fwp%2Fv2%2Fmedia&parent=9305"}],"curies":[{"name":"wp","href":"https:\/\/api.w.org\/{rel}","templated":true}]}}