{"id":8987,"date":"2019-02-27T10:53:42","date_gmt":"2019-02-27T09:53:42","guid":{"rendered":"http:\/\/nowyduninow.info.pl\/?page_id=8987"},"modified":"2024-12-10T10:55:48","modified_gmt":"2024-12-10T09:55:48","slug":"ochotnicze-straze-pozarne","status":"publish","type":"page","link":"https:\/\/nowyduninow.info.pl\/archiwum\/?page_id=8987","title":{"rendered":"Ochotnicze Stra\u017ce Po\u017carne"},"content":{"rendered":"<p>Ochotnicza Stra\u017c Po\u017carna w Nowym Duninowie<\/p>\n<p style=\"padding-left: 30px;\">Prezes Pawe\u0142 Milczarski<\/p>\n<p>Ochotnicza Stra\u017c Po\u017carna w Lipiankach<\/p>\n<p style=\"padding-left: 30px;\">Prezes Jolanta Salam\u0105dra<\/p>\n<p>Ochotnicza Stra\u017c Po\u017carna w Dzierz\u0105\u017anie<\/p>\n<p style=\"padding-left: 30px;\">Prezes Marek Szyma\u0144ski<\/p>\n","protected":false},"excerpt":{"rendered":"<p>Ochotnicza Stra\u017c Po\u017carna w Nowym Duninowie<br \/>\nPrezes Pawe\u0142 Milczarski<br \/>\nOchotnicza Stra\u017c Po\u017carna w Lipiankach<br \/>\nPrezes Jolanta Salam\u0105dra<br \/>\nOchotnicza Stra\u017c Po\u017carna w Dzierz\u0105\u017anie<br \/>\nPrezes Marek Szyma\u0144ski<\/p>\n","protected":false},"author":1,"featured_media":0,"parent":0,"menu_order":0,"comment_status":"closed","ping_status":"closed","template":"","meta":[],"_links":{"self":[{"href":"https:\/\/nowyduninow.info.pl\/archiwum\/index.php?rest_route=\/wp\/v2\/pages\/8987"}],"collection":[{"href":"https:\/\/nowyduninow.info.pl\/archiwum\/index.php?rest_route=\/wp\/v2\/pages"}],"about":[{"href":"https:\/\/nowyduninow.info.pl\/archiwum\/index.php?rest_route=\/wp\/v2\/types\/page"}],"author":[{"embeddable":true,"href":"https:\/\/nowyduninow.info.pl\/archiwum\/index.php?rest_route=\/wp\/v2\/users\/1"}],"replies":[{"embeddable":true,"href":"https:\/\/nowyduninow.info.pl\/archiwum\/index.php?rest_route=%2Fwp%2Fv2%2Fcomments&post=8987"}],"version-history":[{"count":2,"href":"https:\/\/nowyduninow.info.pl\/archiwum\/index.php?rest_route=\/wp\/v2\/pages\/8987\/revisions"}],"predecessor-version":[{"id":19478,"href":"https:\/\/nowyduninow.info.pl\/archiwum\/index.php?rest_route=\/wp\/v2\/pages\/8987\/revisions\/19478"}],"wp:attachment":[{"href":"https:\/\/nowyduninow.info.pl\/archiwum\/index.php?rest_route=%2Fwp%2Fv2%2Fmedia&parent=8987"}],"curies":[{"name":"wp","href":"https:\/\/api.w.org\/{rel}","templated":true}]}}