{"id":39,"date":"2014-02-25T15:44:48","date_gmt":"2014-02-25T14:44:48","guid":{"rendered":"http:\/\/mckomptech.nazwa.pl\/nowyduninow\/?page_id=39"},"modified":"2014-04-22T13:49:53","modified_gmt":"2014-04-22T11:49:53","slug":"nasza-gmina-dzis","status":"publish","type":"page","link":"https:\/\/nowyduninow.info.pl\/archiwum\/?page_id=39","title":{"rendered":"Nasza Gmina dzi\u015b"},"content":{"rendered":"<p><em><strong>&#8222;O now\u0105 jako\u015b\u0107 samorz\u0105du&#8221;<\/strong><\/em><br \/>\nTak brzmi podtytu\u0142 przygotowywanego przez Starostwo Powiatowe w P\u0142ocku, wydawnictwa \u201ePowiat P\u0142ocki i gminy 2002 \u2013 2006\u201d. Charakter tej publikacji nawi\u0105zuje do wydawnictwa poprzedniej kadencji pt. \u201ePowiat P\u0142ocki i gminy 1998 \u2013 2002. Ile samorz\u0105dno\u015bci?\u201d, bilansuj\u0105cej dzia\u0142alno\u015b\u0107 powiatu oraz samorz\u0105d\u00f3w miast i gmin w \u00f3wczesnej kadencji.<br \/>\nDzi\u015b ju\u017c prezentujemy Pa\u0144stwu materia\u0142, kt\u00f3ry uka\u017ce si\u0119 niebawem w opracowaniu ksi\u0105\u017ckowym.<\/p>\n<p>&nbsp;<\/p>\n<p style=\"text-align: center;\"><strong><a style=\"color: #000000;\" href=\"https:\/\/nowyduninow.info.pl\/archiwum\/file.php?file=nowyduninow.pdf\"><span style=\"color: #006600;\">Gmina Nowy Dunin\u00f3w 2002 &#8211; 2006<\/span><\/a><\/strong><\/p>\n","protected":false},"excerpt":{"rendered":"<p>&#8222;O now\u0105 jako\u015b\u0107 samorz\u0105du&#8221;<br \/>\nTak brzmi podtytu\u0142 przygotowywanego przez Starostwo Powiatowe w P\u0142ocku, wydawnictwa \u201ePowiat P\u0142ocki i gminy 2002 \u2013 2006\u201d. Charakter tej publikacji nawi\u0105zuje do wydawnictwa poprzedniej kadencji pt. \u201ePowiat P\u0142ocki i gminy 1998 \u2013 2002. Ile samorz\u0105dno\u015bci?\u201d, bilansuj\u0105cej  [&#8230;]<\/p>\n","protected":false},"author":1,"featured_media":0,"parent":0,"menu_order":0,"comment_status":"open","ping_status":"open","template":"","meta":[],"_links":{"self":[{"href":"https:\/\/nowyduninow.info.pl\/archiwum\/index.php?rest_route=\/wp\/v2\/pages\/39"}],"collection":[{"href":"https:\/\/nowyduninow.info.pl\/archiwum\/index.php?rest_route=\/wp\/v2\/pages"}],"about":[{"href":"https:\/\/nowyduninow.info.pl\/archiwum\/index.php?rest_route=\/wp\/v2\/types\/page"}],"author":[{"embeddable":true,"href":"https:\/\/nowyduninow.info.pl\/archiwum\/index.php?rest_route=\/wp\/v2\/users\/1"}],"replies":[{"embeddable":true,"href":"https:\/\/nowyduninow.info.pl\/archiwum\/index.php?rest_route=%2Fwp%2Fv2%2Fcomments&post=39"}],"version-history":[{"count":5,"href":"https:\/\/nowyduninow.info.pl\/archiwum\/index.php?rest_route=\/wp\/v2\/pages\/39\/revisions"}],"predecessor-version":[{"id":215,"href":"https:\/\/nowyduninow.info.pl\/archiwum\/index.php?rest_route=\/wp\/v2\/pages\/39\/revisions\/215"}],"wp:attachment":[{"href":"https:\/\/nowyduninow.info.pl\/archiwum\/index.php?rest_route=%2Fwp%2Fv2%2Fmedia&parent=39"}],"curies":[{"name":"wp","href":"https:\/\/api.w.org\/{rel}","templated":true}]}}