{"id":19733,"date":"2025-01-02T13:10:57","date_gmt":"2025-01-02T12:10:57","guid":{"rendered":"http:\/\/nowyduninow.info.pl\/?page_id=19733"},"modified":"2025-01-02T13:10:57","modified_gmt":"2025-01-02T12:10:57","slug":"mapa-turystyczna","status":"publish","type":"page","link":"https:\/\/nowyduninow.info.pl\/archiwum\/?page_id=19733","title":{"rendered":"Mapa Turystyczna"},"content":{"rendered":"<p>&nbsp;<\/p>\n<h2>Aplikacja mobilna &#8222;Szlaki Mazowsza&#8221;<\/h2>\n<p>Aplikacja prezentuje wszystkie piesze szlaki turystyczne PTTK, szlaki rowerowe oraz edukacyjne znajduj\u0105ce si\u0119 na terenie woj. mazowieckiego. Zawiera tak\u017ce informacje o kilkuset atrakcjach krajoznawczych znajduj\u0105cych si\u0119 w pobli\u017cu szlak\u00f3w. Oferuje r\u00f3wnie\u017c unikalny zestaw map &#8211; Open Street Map, mapy lotnicze, mapa topograficzna i mapa rze\u017aby terenu. Wi\u0119cej na stronie https:\/\/mazowsze.szlaki.pttk.pl\/aplikacje<\/p>\n","protected":false},"excerpt":{"rendered":"<p>&nbsp;<br \/>\nAplikacja mobilna &#8222;Szlaki Mazowsza&#8221;<br \/>\nAplikacja prezentuje wszystkie piesze szlaki turystyczne PTTK, szlaki rowerowe oraz edukacyjne znajduj\u0105ce si\u0119 na terenie woj. mazowieckiego. Zawiera tak\u017ce informacje o kilkuset atrakcjach krajoznawczych znajduj\u0105cych si\u0119 w pobli\u017cu szlak\u00f3w. Oferuje r\u00f3wnie\u017c  [&#8230;]<\/p>\n","protected":false},"author":16,"featured_media":0,"parent":0,"menu_order":0,"comment_status":"closed","ping_status":"closed","template":"","meta":[],"_links":{"self":[{"href":"https:\/\/nowyduninow.info.pl\/archiwum\/index.php?rest_route=\/wp\/v2\/pages\/19733"}],"collection":[{"href":"https:\/\/nowyduninow.info.pl\/archiwum\/index.php?rest_route=\/wp\/v2\/pages"}],"about":[{"href":"https:\/\/nowyduninow.info.pl\/archiwum\/index.php?rest_route=\/wp\/v2\/types\/page"}],"author":[{"embeddable":true,"href":"https:\/\/nowyduninow.info.pl\/archiwum\/index.php?rest_route=\/wp\/v2\/users\/16"}],"replies":[{"embeddable":true,"href":"https:\/\/nowyduninow.info.pl\/archiwum\/index.php?rest_route=%2Fwp%2Fv2%2Fcomments&post=19733"}],"version-history":[{"count":1,"href":"https:\/\/nowyduninow.info.pl\/archiwum\/index.php?rest_route=\/wp\/v2\/pages\/19733\/revisions"}],"predecessor-version":[{"id":19734,"href":"https:\/\/nowyduninow.info.pl\/archiwum\/index.php?rest_route=\/wp\/v2\/pages\/19733\/revisions\/19734"}],"wp:attachment":[{"href":"https:\/\/nowyduninow.info.pl\/archiwum\/index.php?rest_route=%2Fwp%2Fv2%2Fmedia&parent=19733"}],"curies":[{"name":"wp","href":"https:\/\/api.w.org\/{rel}","templated":true}]}}