{"id":11457,"date":"2021-02-16T12:14:54","date_gmt":"2021-02-16T11:14:54","guid":{"rendered":"http:\/\/nowyduninow.info.pl\/?page_id=11457"},"modified":"2025-02-03T09:30:50","modified_gmt":"2025-02-03T08:30:50","slug":"rzadowy-fundusz-inwestycji-lokalanych","status":"publish","type":"page","link":"https:\/\/nowyduninow.info.pl\/archiwum\/?page_id=11457","title":{"rendered":"Rz\u0105dowy Fundusz"},"content":{"rendered":"<p><a href=\"https:\/\/nowyduninow.info.pl\/archiwum\/wp-content\/uploads\/2021\/02\/plakat__fundusz__celowy_autobusy_20251.jpg\"><img decoding=\"async\" loading=\"lazy\" class=\"aligncenter size-large wp-image-19832\" src=\"https:\/\/nowyduninow.info.pl\/archiwum\/wp-content\/uploads\/2021\/02\/plakat__fundusz__celowy_autobusy_20251-724x1024.jpg\" alt=\"plakat__fundusz__celowy_autobusy_2025\" width=\"724\" height=\"1024\" \/><\/a><a href=\"https:\/\/nowyduninow.info.pl\/wp-content\/uploads\/2021\/02\/plakat__fundusz__celowy_autobusy_2025.jpg\"><br \/>\n<\/a><a href=\"https:\/\/nowyduninow.info.pl\/archiwum\/wp-content\/uploads\/2021\/02\/plakat__fundusz__celowy_autobusy_20251.jpg\"><br \/>\n<\/a><\/p>\n<p>&nbsp;<\/p>\n<p>&nbsp;<\/p>\n<p><a href=\"https:\/\/nowyduninow.info.pl\/wp-content\/uploads\/2021\/02\/Dofinansowanie126114.jpg\"><img decoding=\"async\" loading=\"lazy\" class=\"aligncenter size-full wp-image-16446\" src=\"https:\/\/nowyduninow.info.pl\/wp-content\/uploads\/2021\/02\/przewozy_dof_012024_534.jpg\" alt=\"przewozy_dof_012024_534\" width=\"534\" height=\"752\" \/><\/a><\/p>\n<hr \/>\n<hr \/>\n<p>&nbsp;<\/p>\n<p><a href=\"https:\/\/nowyduninow.info.pl\/wp-content\/uploads\/2021\/02\/plakat_fundusz_celowy_420x297-NOWYDUNIN\u00d3W.jpg\"><img decoding=\"async\" loading=\"lazy\" class=\"aligncenter size-full wp-image-14691\" src=\"https:\/\/nowyduninow.info.pl\/wp-content\/uploads\/2021\/02\/plakat_fundusz_celowy_420x297-NOWYDUNIN\u00d3W_534.jpg\" alt=\"plakat_fundusz_celowy_420x297 NOWYDUNIN\u00d3W\" width=\"534\" height=\"748\" \/><\/a><\/p>\n<hr \/>\n<hr \/>\n<p>&nbsp;<\/p>\n<p>&nbsp;<\/p>\n<p><a href=\"https:\/\/nowyduninow.info.pl\/wp-content\/uploads\/2021\/02\/PL-nowe.jpg\"><img decoding=\"async\" loading=\"lazy\" class=\"aligncenter size-full wp-image-13037\" src=\"https:\/\/nowyduninow.info.pl\/wp-content\/uploads\/2021\/02\/PL-nowe_534.jpg\" alt=\"Droga Nowy dunin\u00f3w - Trzcianno\" width=\"534\" height=\"356\" \/><\/a><\/p>\n<p>&nbsp;<\/p>\n<hr \/>\n<hr \/>\n<h5 style=\"text-align: center;\"><a href=\"https:\/\/nowyduninow.info.pl\/wp-content\/uploads\/2021\/02\/DPR_Tablica_RFIL_1200.jpg\"><img decoding=\"async\" loading=\"lazy\" class=\" size-full wp-image-11459 aligncenter\" src=\"https:\/\/nowyduninow.info.pl\/wp-content\/uploads\/2021\/02\/DPR_Tablica_RFIL_534.jpg\" alt=\"DPR_Tablica_RFIL_534\" width=\"534\" height=\"377\" \/><\/a><\/h5>\n<hr \/>\n<h5 style=\"text-align: center;\">Budowa sieci kanalizacji sanitarnej z przy\u0142\u0105czeniami w m. Nowa Wie\u015b gm. Nowy Dunin\u00f3w<\/h5>\n<hr \/>\n<h5 style=\"text-align: center;\"><\/h5>\n","protected":false},"excerpt":{"rendered":"<p>&nbsp;<\/p>\n<p>&nbsp;<\/p>\n<p>&nbsp;<\/p>\n<p>&nbsp;<\/p>\n<p>&nbsp;<\/p>\n<p>&nbsp;<\/p>\n<p>Budowa sieci kanalizacji sanitarnej z przy\u0142\u0105czeniami w m. Nowa Wie\u015b gm. Nowy Dunin\u00f3w<\/p>\n","protected":false},"author":1,"featured_media":0,"parent":0,"menu_order":0,"comment_status":"closed","ping_status":"closed","template":"","meta":[],"_links":{"self":[{"href":"https:\/\/nowyduninow.info.pl\/archiwum\/index.php?rest_route=\/wp\/v2\/pages\/11457"}],"collection":[{"href":"https:\/\/nowyduninow.info.pl\/archiwum\/index.php?rest_route=\/wp\/v2\/pages"}],"about":[{"href":"https:\/\/nowyduninow.info.pl\/archiwum\/index.php?rest_route=\/wp\/v2\/types\/page"}],"author":[{"embeddable":true,"href":"https:\/\/nowyduninow.info.pl\/archiwum\/index.php?rest_route=\/wp\/v2\/users\/1"}],"replies":[{"embeddable":true,"href":"https:\/\/nowyduninow.info.pl\/archiwum\/index.php?rest_route=%2Fwp%2Fv2%2Fcomments&post=11457"}],"version-history":[{"count":10,"href":"https:\/\/nowyduninow.info.pl\/archiwum\/index.php?rest_route=\/wp\/v2\/pages\/11457\/revisions"}],"predecessor-version":[{"id":19833,"href":"https:\/\/nowyduninow.info.pl\/archiwum\/index.php?rest_route=\/wp\/v2\/pages\/11457\/revisions\/19833"}],"wp:attachment":[{"href":"https:\/\/nowyduninow.info.pl\/archiwum\/index.php?rest_route=%2Fwp%2Fv2%2Fmedia&parent=11457"}],"curies":[{"name":"wp","href":"https:\/\/api.w.org\/{rel}","templated":true}]}}